g**3 - 1598*g + 3232*g - 1632*g. What is j(-2)?
-12
Suppose 13*t - 2*t = -7304. Let k = 672 + t. Let j(o) = 11*o**2 - 24*o - 3. Let s(i) = 7*i**2 - 16*i - 2. Let y(q) = 5*j(q) - 8*s(q). What is y(k)?
1
Let s(m) = -5*m**2 + 16217*m - 7 + 0 - 16228*m + 2*m**3. What is s(5)?
63
Let i(m) = -m + 7. Let f be 1/(1/(-16)*-4). Suppose 0 = -f*x - 5*p + 161, 5*x - 319 + 111 = -4*p. Let s be 536/x + -4 - (-2)/(-11). Calculate i(s).
-1
Let u(b) = 8*b - 5. Let v(x) be the first derivative of -11*x**2/2 + 29*x + 73. Let r be v(3). Give u(r).
-37
Let d(v) = -34*v - 222. Let b(s) = s**2 + 17*s - 1575. Let y be b(32). Determine d(y).
16
Let v(c) be the first derivative of -c**4/4 - 2*c**3 + c**2 - 28*c - 2060. Give v(-7).
7
Let f(u) = 5*u - 101 - 13*u**2 - 107 + 216 + 9*u**2. Let o(n) = 9*n**2 - 11*n - 17. Suppose 3*p + 8 = -1. Let x(z) = p*o(z) - 7*f(z). Determine x(6).
19
Let w be (-234)/(-72) - (-1)/(-4). Let t(j) = 2 + w - 6 - 16*j**2 - j**3 - 5*j + 10*j**2. Let c be t(-5). Let r(p) = -12*p**2 - 1. Determine r(c).
-13
Let p(h) be the second derivative of -h**3/6 - h**2/2 + h. Let v = 147928 + -147921. Determine p(v).
-8
Let d(j) be the second derivative of -84*j + 0 + 1/4*j**4 - 1/2*j**3 + 3/2*j**2. Give d(2).
9
Let p(h) = -15*h - 107. Let b(t) = 243*t + 1704. Let l(q) = 2*b(q) + 33*p(q). Calculate l(-14).
3
Suppose 11 = 3*d - 2*x, -5*x - 10 = d - 5*d. Let j(h) = 2 + 5 + 4*h - d*h - 3. What is j(0)?
4
Let j(h) = 9 - 2*h - 24 + 14 + 15 + 35. Determine j(22).
5
Let k = 493 + -469. Suppose -k*b = -14*b + 20. Let h(j) = j - 1. What is h(b)?
-3
Let c(r) be the first derivative of r**2/2 + 8*r - 359. Give c(-4).
4
Let v(t) be the second derivative of t**5/20 + 7*t**4/12 - 17*t**3/6 + 13*t**2/2 - 8640*t. Calculate v(-9).
4
Let j(b) be the first derivative of -2*b**3/3 - b**2 - 51*b + 83. Determine j(0).
-51
Let v(z) be the second derivative of 1/6*z**4 + 0*z**3 - 1/2*z**2 - 16*z + 0 - 13/20*z**5. Let f be 40/50 + 2/10. Determine v(f).
-12
Suppose 2*t + 7 = 19. Let m be (-40)/10*(t/(-8) + 0). Let h(q) = 0*q + 1 - 7*q - 5. What is h(m)?
-25
Let d(b) = 2*b + 1. Let u be ((-11)/3 - -2)/((-1)/6). Let a(v) = -18 - 30*v**2 - 29*v**2 + 58*v**2 + u*v. Let w be a(3). Give d(w).
7
Let b(x) be the first derivative of -2*x**3/3 - 17*x**2/2 + 13*x - 1050. What is b(-9)?
4
Let d(h) be the second derivative of -h**3/2 + 17*h**2 - h - 3356. Calculate d(14).
-8
Let o(m) = 2*m + 1. Let l(f) = -f. Let b(d) = -5*l(d) - 3*o(d). Suppose -15*c + 4*u = -19*c + 12, 0 = 4*u. Let y be (c/(-4))/((-8)/(-64)). Determine b(y).
3
Let o(r) = -r**2 - 10*r + 31. Let a = 16698 + -16711. Calculate o(a).
-8
Suppose 700 - 698 = r. Let v(o) = -5*o**3 + 4*o**2 + o + 2*o + 3*o**3 - r*o**2 + 4*o**3. Give v(-2).
-14
Let z(j) = 38*j**2 + 183*j - 5. Let v be z(-5). Suppose 70 = -v*n - 110. Let f(y) = -y - 5. What is f(n)?
1
Suppose -88*b + 2201 + 351 = 0. Let c(z) = -z**2 + 30*z - 27. Calculate c(b).
2
Let s(w) = -3*w. Let f be s(-2). Let z(t) be the third derivative of t**3 - 25*t**2 + 0 - 1/120*t**6 - 1/4*t**4 + 0*t + 7/60*t**5. Calculate z(f).
6
Let f = 13900 - 13907. Let t(b) = -2*b**2 - 17*b - 18. Calculate t(f).
3
Suppose -2*d + 5*w = 4*w + 516, -251 = d + 3*w. Let t = d + 256. Let m(s) be the third derivative of 11*s**6/120 + s**5/60 + 15*s**2. Calculate m(t).
-10
Suppose 109*k - 26*k + 498 = 0. Let z(s) = -s**3 - 8*s**2 - 4*s + 2. Determine z(k).
-46
Suppose 8*a - 5*a + 18 = 0. Let s be (-3 - 19)*((-21)/7)/a. Let o(q) = -q**3 - 12*q**2 - 11*q - 1. Determine o(s).
-1
Let v(b) = b**3 + 6*b**2 - 3*b + 5. Let r be v(-5). Suppose -11*y = -2*y - r. Let f(s) = -s**2 + 4*s - 6. What is f(y)?
-11
Let t(w) = -3*w**3 - w**2 - w + 1. Suppose 11*p - 83 = -3*m + 9*p, -3*m - 3*p = -78. Suppose m*c - 18*c = 13. Give t(c).
-4
Let c(q) = -5*q**2 - 8*q + 1. Let x(y) = -9*y**2 - 15*y + 1. Let r(h) = 7*c(h) - 4*x(h). Let m(p) = 64*p - 3398. Let j be m(53). Give r(j).
15
Let s(r) = 2*r**2 - 48*r + 269. Let b be s(10). Let j(l) = -4*l + 42. Calculate j(b).
86
Let s(c) be the first derivative of -c**5/60 + c**4/24 - 7*c**3/2 + 99*c**2 + 253. Let m(i) be the second derivative of s(i). Determine m(0).
-21
Let f(h) be the third derivative of 0*h + 7/6*h**3 + 135*h**2 + 1/8*h**4 + 0. Calculate f(-5).
-8
Let w(r) = -r**2 + r + 2*r + 22*r - 4*r + 4 + 3. What is w(21)?
7
Suppose 19*d = 29*d + 70. Let x = 37 - 34. Let z(l) = 4*l - 47 + x*l + 46 + l**3 + 8*l**2. Determine z(d).
-1
Let k be 8/(-24) + 14/6. Suppose 3*d + 0 = k*h + 11, 2*d - 4*h = 10. Let o(v) = -3*v**3 + 5 - 4*v**2 - 6*v + 8*v - d - 3*v. Give o(-2).
12
Let u(k) = -4*k**2 - 67*k - 28. Let o(w) = -2*w**2 - 38*w - 15. Let m(s) = 5*o(s) - 3*u(s). What is m(-5)?
4
Let g(h) = h**3 + h**2 - 5*h - 1. Let d be g(2). Let n(y) = -y**2 - 10*y + 9. Let f(s) = s. Let b(m) = d*n(m) + f(m). What is b(-9)?
9
Let p(j) = -14*j**2 - 6*j - 7. Let m(r) = -6*r**3 - 223*r**2 - 38*r - 39. Let z be m(-37). Calculate p(z).
-51
Let z(o) be the third derivative of 4*o**5/15 + o**4/8 - o**3/3 + 1492*o**2. Calculate z(1).
17
Let j(a) = 4*a - 619*a**2 - 5 + 197*a**2 + 210*a**2 + 211*a**2. Suppose 3 = i - 1. Determine j(i).
-5
Let a(v) = v**3 + 3*v**2 + v + 2. Let n(g) = 106*g - 54*g + 16 - 54*g. Let j be n(5). Let b be (5 + -6)*j*(-1)/(-3). What is a(b)?
4
Let b be -5 + (-20)/12*-15. Suppose -3*o - 18 = -y, 4*o = 2*o - 2*y - b. Let p(q) = -q - 4. Determine p(o).
3
Let r(v) = 3*v**2 + 82*v + 32. Let x be r(-27). Let y(f) = 6 + x - 1 + f - 8. Determine y(-8).
-6
Suppose 4*n + 0 = 8. Suppose -4*y = 4*w - 12, -5*w = -y - n*w + 19. Let t(m) = 2*m - 20*m**3 - y*m + 2 - 3*m**2 + 43*m**3 - 22*m**3. Determine t(4).
-2
Let q(p) be the first derivative of -p**4/4 - 5*p**3/3 - p**2 - 562. Determine q(-5).
10
Let k(a) = 20*a**3 + a - 327*a**2 + 5*a - 19*a**3 + 9 + 334*a**2. Determine k(-5).
29
Suppose 9*l - 6*l - 11 = 4*o, 7 = l + 2*o. Let s(n) = n + 293*n**3 - 294*n**3 + 5 + 2*n**2 + 3*n**2. Determine s(l).
10
Let h(b) = -b**3 - 10*b**2 + 8*b + 5. Suppose -15*p = 32*p + 210 + 307. Calculate h(p).
38
Let j(a) = -7*a - 3*a - 654254 + 654283. Determine j(8).
-51
Let f = -147 + 191. Let y(a) = -1 - f*a + 0 + 45*a. Let b be 0 + 2/(-2) - 3. What is y(b)?
-5
Let f(o) = -3*o + 3. Suppose 35*x + 28 = 63*x. Suppose 4*s - x = 6*n - 5*n, -3*n = -3*s - 6. Calculate f(n).
-6
Let w = 600 + -1002. Let o be 8/(-14) + w/(-42). Let s(c) = 4*c**2 - 17*c - 21. Let i(m) = -m**2 + 4*m + 5. Let t(p) = o*i(p) + 2*s(p). Give t(-2).
-5
Let h(o) = o**2 + 8*o + 2. Let i be h(-17). Suppose 0 = -i*y + 149*y - 102. Let x(v) = -v**3 - 16*v**2 + 16*v - 20. Determine x(y).
-3
Let o(t) = -t**2 - 2*t. Let q = 21 - 92. Let s = 74 + q. Give o(s).
-15
Let l(i) be the first derivative of -14 - 1/60*i**5 + 0*i**2 - 13/3*i**3 - 1/24*i**4 + 0*i. Let a(r) be the third derivative of l(r). Determine a(6).
-13
Suppose -6*d + d = 18*d + 5*d. Let t(q) = q**2 + 4*q - 5. Calculate t(d).
-5
Let h(b) = -b + 18. Suppose -5*q = 4*j - 60, -2*q + 3*j + j = -24. Let l be h(q). Let p(r) = 8 + 3*r**3 + l*r**2 - 2*r**3 + 2*r - 2 + 0*r**3. What is p(-6)?
-6
Suppose 20 = -6*o + 68. Suppose -3*i + 4*a - 1 - 10 = 0, 2*i = 2*a - o. Let t(n) = n**2 + 4*n - 1. Calculate t(i).
4
Suppose m + 4*m = -4*j + 30, 3*m + 5*j - 31 = 0. Suppose -r = -m*r + 4. Let c(q) = -q + 7 + 5*q - 2 - 3 - 8. What is c(r)?
10
Suppose 2*n - 6 = 12. Let h = 14 - n. Let d(j) = h - j - 2 + 5 - 1. What is d(6)?
1
Let x(w) be the second derivative of 4/3*w**3 - 5*w - 3*w**2 - 1/12*w**4 - 5. Calculate x(8).
-6
Let r(x) = -13*x**3 + 4*x - 7. Let q(v) = 6*v - 11. Let f be q(4). Let a(o) = -28*o**3 + o**2 + 7*o - 16. Let g(u) = f*r(u) - 6*a(u). Calculate g(-7).
-16
Let k(x) = x**3 - 7*x**2 + 4*x - 1. Let q = -395 - -365. Let h be (-2)/(-15) + (94/q - -6). Calculate k(h).
-25
Let s(y) = y - 1. Let x = 13 - 12. Suppose u - 4 = -x. Let h(n) = -n**2 + 3*n. Let b be h(u). Calculate s(b).
-1
Let j(q) = -q - 4. Let l(h) = h**3 - 10*h**2 - 373*h + 13. Let g be l(-15). Give j(g).
13
Let q(h) = -7*h**3 + 4*h**2 - 17*h + 6. Let i(b) = 8*b**3 - 5*b**2 + 17*b - 8. Let a(l) = 8*i(l) + 9*q(l). Determine a(7).
18
Let a(q) = -4*q**3 + 15*q**2 + 8*q + 10. Let t(u) = -3 + 5*u**2 + u**3 + 2*u - 2*u**2 - 6*u**2 - 4*u - 2*u**2. Let m(j) = -2*a(j) - 7*t(j). Calculate m(-5).
11
Let o(l) = -l**2 - 2*l + 12. Let x be o(-4). Let c(a) = 